e
Is 123305491669 a composite number?
False
Is 9734589427 a composite number?
True
Is 1796421329 composite?
True
Is 2499490439 a prime number?
True
Is 12929746873 prime?
True
Is 207214224541 composite?
False
Is 276853937 composite?
False
Is 203643586 composite?
True
Is 1841591617 a composite number?
True
Is 84888354953 composite?
False
Is 819179603 composite?
True
Is 3944514293 prime?
True
Is 1268120171 a prime number?
True
Is 3274740503 a composite number?
False
Is 28380269629 prime?
True
Is 16081086979 composite?
True
Is 319875986 prime?
False
Is 1605227861 prime?
False
Is 2301656171 a composite number?
False
Is 881377477 composite?
False
Is 4754837 a prime number?
True
Is 11317075909 prime?
True
Is 58454098873 a prime number?
True
Is 1159249361 composite?
True
Is 7789035923 prime?
True
Is 178650047 prime?
False
Is 36979694651 a composite number?
True
Is 38907091 a composite number?
True
Is 15028495501 a prime number?
False
Is 230702204506 a prime number?
False
Is 7354666533 composite?
True
Is 14923075067 a prime number?
True
Is 1730484421 a prime number?
True
Is 988680319 prime?
False
Is 1041830507 composite?
True
Is 3069811999 composite?
True
Is 29872595743 a prime number?
False
Is 1224024793 a prime number?
True
Is 9348249117 a composite number?
True
Is 118768801457 prime?
True
Is 139508105729 a composite number?
True
Is 4243043797 a prime number?
True
Is 2862520387 a composite number?
False
Is 47367473497 a composite number?
False
Is 6305080837 composite?
True
Is 30977443247 composite?
False
Is 1616108999 composite?
True
Is 13158978899 composite?
True
Is 25327513363 composite?
False
Is 2650572347 a composite number?
True
Is 5277804661 composite?
False
Is 2252362097 a composite number?
True
Is 79139298871 a composite number?
False
Is 77359319699 composite?
False
Is 79851841 a composite number?
True
Is 1319341717 a prime number?
False
Is 142408801259 a composite number?
False
Is 60614544449 composite?
True
Is 4001728791 a prime number?
False
Is 21858089171 a composite number?
False
Is 2001877037 prime?
True
Is 623496889 a prime number?
True
Is 793974457 prime?
True
Is 189225300757 prime?
False
Is 4412805457 composite?
False
Is 3001332667 prime?
True
Is 39037577861 a prime number?
False
Is 59511003619 prime?
True
Is 1632448553 prime?
False
Is 854497627 a composite number?
True
Is 9580596533 prime?
False
Is 10543018939 a prime number?
True
Is 689042611 a composite number?
True
Is 42792903203 a prime number?
True
Is 7090083397 composite?
True
Is 35335091839 a prime number?
True
Is 12715354633 a prime number?
True
Is 82758765691 a prime number?
False
Is 155297111 composite?
False
Is 3978080219 a composite number?
True
Is 1356426497 a prime number?
True
Is 653454497 a composite number?
True
Is 100051979 prime?
True
Is 68186491 prime?
False
Is 4848802837 composite?
False
Is 4085121109 prime?
True
Is 577345565 prime?
False
Is 973824769 prime?
False
Is 229112922023 a prime number?
False
Is 17148737899 prime?
True
Is 4856457901 a composite number?
True
Is 235766969 prime?
False
Is 3619488329 a prime number?
False
Is 64116531211 prime?
False
Is 25393011361 composite?
True
Is 12793553 a prime number?
False
Is 38686202669 a composite number?
False
Is 631882663 composite?
False
Is 2483180831 prime?
True
Is 140289120139 a prime number?
False
Is 583019891 a composite number?
False
Is 72369227003 prime?
True
Is 4040078839 prime?
False
Is 4090190539 a prime number?
False
Is 140368301 a prime number?
True
Is 1837159543 composite?
False
Is 287518243 composite?
False
Is 884557123 prime?
False
Is 1112047003 a composite number?
False
Is 185390966 a prime number?
False
Is 1784918309 prime?
False
Is 1379595271 composite?
True
Is 8254163347 prime?
False
Is 93416681377 composite?
True
Is 40748001667 composite?
False
Is 1501217089 prime?
False
Is 147382241 composite?
True
Is 3372604805 a prime number?
False
Is 197653360253 composite?
True
Is 499654313 a composite number?
True
Is 2627506129 a composite number?
True
Is 1383093137 prime?
True
Is 26869467743 composite?
False
Is 20475197 a composite number?
False
Is 3959727887 prime?
False
Is 115498065541 composite?
False
Is 906711083 a composite number?
True
Is 3899684809 composite?
True
Is 3523898363 a composite number?
True
Is 2314577939 prime?
True
Is 1148707501 prime?
True
Is 2782378229 a composite number?
False
Is 22313045999 a composite number?
False
Is 16180758883 composite?
True
Is 7744644143 a prime number?
True
Is 1294792321 a prime number?
True
Is 1062439289 a composite number?
False
Is 585725601 a prime number?
False
Is 33230796601 composite?
False
Is 7755149723 a composite number?
False
Is 4691294249 composite?
False
Is 147287573 a prime number?
False
Is 262594731187 composite?
False
Is 913248821 a prime number?
False
Is 99571313 prime?
False
Is 3602878469 a prime number?
False
Is 161504968694 prime?
False
Is 6323596627 composite?
True
Is 108107317 a composite number?
False
Is 2547471083 a prime number?
True
Is 1158429683 composite?
False
Is 3687068423 a prime number?
True
Is 19011874043 prime?
True
Is 195533441 a prime number?
True
Is 534991481 a composite number?
False
Is 882200411 a composite number?
True
Is 3761200919 composite?
True
Is 17369169803 composite?
True
Is 488267771 a prime number?
False
Is 192122747 prime?
False
Is 20145558701 a composite number?
True
Is 4452790843 prime?
True
Is 551694139 a prime number?
True
Is 690255721 a composite number?
False
Is 131948119 prime?
False
Is 5520713659 composite?
False
Is 350671435 prime?
False
Is 1492134731 a composite number?
True
Is 16661633315 a prime number?
False
Is 22805440933 a composite number?
True
Is 43958001803 prime?
True
Is 56461900741 a composite number?
False
Is 43506967753 prime?
True
Is 280069357 a composite number?
False
Is 6035643214 a composite number?
True
Is 6427901861 composite?
True
Is 871131137 prime?
True
Is 121583701 a prime number?
False
Is 5291117539 a prime number?
True
Is 1902669799 a composite number?
False
Is 16387265143 a prime number?
True
Is 61928585 prime?
False
Is 9694425737 a composite number?
True
Is 86408894791 a prime number?
True
Is 9292393811 prime?
True
Is 27638899357 a composite number?
False
Is 437151042323 composite?
True
Is 3201231133 a composite number?
False
Is 1204851341 composite?
True
Is 23698442147 a prime number?
False
Is 15812084269 a composite number?
True
Is 11224634681 prime?
False
Is 59518112041 a composite number?
False
Is 245483254561 a composite number?
False
Is 14592524321 a composite number?
True
Is 3410083697 a prime number?
False
Is 7221321053 a composite number?
False
Is 113184035999 composite?
False
Is 25398149417 composite?
False
Is 1761069623 a composite number?
False
Is 13946814551 prime?
True
Is 9235087501 a composite number?
False
Is 11772101057 a prime number?
True
Is 2669576083 a prime number?
False
Is 234870071 composite?
False
Is 3282512231 composite?
True
Is 103484837 a composite number?
False
Is 44520649 prime?
True
Is 535989017201 composite?
True
Is 124039596233 prime?
False
Is 266294563 composite?
True
Is 4271590217 a composite number?
True
Is 1705464883 composite?
False
Is 368412817 a prime number?
False
Is 1058017399 composite?
False
Is 21160261 a prime number?
True
Is 794823833 a composite number?
True
Is 7759630019 a composite number?
False
Is 5456217889 composite?
False
Is 3214656253 prime?
True
Is 338525963 a prime number?
True
Is 1346547949 a composite number?
True
Is 912005911 a composite number?
False
Is 157591939 prime?
False
Is 17019866497 prime?
True
Is 1371697133 composite?
False
Is 39601097 composite?
False
Is 7535212783 prime?
False
Is 771513257 a composite number?
False
Is 16130710457 a composite number?
True
Is 12641095141 a composite number?
True
Is 251224969 composite?
True
Is 146793499 prime?
True
Is 2626521959 a composite number?
True
Is 128371846159 a composite number?
True
Is 16965623 composite?
False
Is 385429529 a composite number?
False
Is 19595198422 a prime number?
False
Is 49239728927 a composite number?
True
Is 20498412073 a prime number?
False
Is 1152780241 composite?
False
Is 188628917 composite?
True
Is 162663563 prime?
True
Is 1499316337 composite?
False
Is 6415127143 prime?
True
Is 15442875529 prime?
False
Is 718661101 prime?
False
Is